{"version":"1.0","provider_name":"Blog de Opt-Media","provider_url":"https:\/\/www.opt-media.net\/blog","title":"Matr\u00edcula abierta para los cursos FP de Inupel - Blog de Opt-Media","type":"rich","width":600,"height":338,"html":"<blockquote class=\"wp-embedded-content\" data-secret=\"iUoQ4C35Uf\"><a href=\"https:\/\/www.opt-media.net\/blog\/matricula-abierta-inupel\/\">Matr\u00edcula abierta para los cursos FP de Inupel<\/a><\/blockquote><iframe sandbox=\"allow-scripts\" security=\"restricted\" src=\"https:\/\/www.opt-media.net\/blog\/matricula-abierta-inupel\/embed\/#?secret=iUoQ4C35Uf\" width=\"600\" height=\"338\" title=\"\u00abMatr\u00edcula abierta para los cursos FP de Inupel\u00bb \u2014 Blog de Opt-Media\" data-secret=\"iUoQ4C35Uf\" frameborder=\"0\" marginwidth=\"0\" marginheight=\"0\" scrolling=\"no\" class=\"wp-embedded-content\"><\/iframe><script type=\"text\/javascript\">\n\/* <![CDATA[ *\/\n\/*! This file is auto-generated *\/\n!function(d,l){\"use strict\";l.querySelector&&d.addEventListener&&\"undefined\"!=typeof URL&&(d.wp=d.wp||{},d.wp.receiveEmbedMessage||(d.wp.receiveEmbedMessage=function(e){var t=e.data;if((t||t.secret||t.message||t.value)&&!\/[^a-zA-Z0-9]\/.test(t.secret)){for(var s,r,n,a=l.querySelectorAll('iframe[data-secret=\"'+t.secret+'\"]'),o=l.querySelectorAll('blockquote[data-secret=\"'+t.secret+'\"]'),c=new RegExp(\"^https?:$\",\"i\"),i=0;i<o.length;i++)o[i].style.display=\"none\";for(i=0;i<a.length;i++)s=a[i],e.source===s.contentWindow&&(s.removeAttribute(\"style\"),\"height\"===t.message?(1e3<(r=parseInt(t.value,10))?r=1e3:~~r<200&&(r=200),s.height=r):\"link\"===t.message&&(r=new URL(s.getAttribute(\"src\")),n=new URL(t.value),c.test(n.protocol))&&n.host===r.host&&l.activeElement===s&&(d.top.location.href=t.value))}},d.addEventListener(\"message\",d.wp.receiveEmbedMessage,!1),l.addEventListener(\"DOMContentLoaded\",function(){for(var e,t,s=l.querySelectorAll(\"iframe.wp-embedded-content\"),r=0;r<s.length;r++)(t=(e=s[r]).getAttribute(\"data-secret\"))||(t=Math.random().toString(36).substring(2,12),e.src+=\"#?secret=\"+t,e.setAttribute(\"data-secret\",t)),e.contentWindow.postMessage({message:\"ready\",secret:t},\"*\")},!1)))}(window,document);\n\/\/# sourceURL=https:\/\/www.opt-media.net\/blog\/wp-includes\/js\/wp-embed.min.js\n\/* ]]> *\/\n<\/script>\n","thumbnail_url":"https:\/\/www.opt-media.net\/blog\/wp-content\/uploads\/2014\/07\/somos1.jpg","thumbnail_width":1000,"thumbnail_height":528,"description":"Hacer de la vocaci\u00f3n una profesi\u00f3n, y de esta un estilo de vida. Este es el principio por el que se rige Inupel, escuela de peluquer\u00eda en Valencia, que mantiene abierto hasta el 18 de julio el periodo de inscripci\u00f3n para sus diferentes cursos de: Ciclo de Grado Medio en Peluquer\u00eda (T\u00e9cnico en Peluquer\u00eda &amp; [&hellip;]"}

Matrícula abierta para los cursos FP de Inupel - Blog de Opt-Media

<blockquote class="wp-embedded-content" data-secret="iUoQ4C35Uf"><a href="https://www.opt-media.net/blog/matricula-abierta-inupel/">Matrícula abierta para los cursos FP de Inupel</a></blockquote><iframe sandbox="allow-scripts" security="restricted" src="https://www.opt-media.net/blog/matricula-abierta-inupel/embed/#?secret=iUoQ4C35Uf" width="600" height="338" title="«Matrícula abierta para los cursos FP de Inupel» — Blog de Opt-Media" data-secret="iUoQ4C35Uf" frameborder="0" marginwidth="0" marginheight="0" scrolling="no" class="wp-embedded-content"></iframe><script type="text/javascript">
/* <![CDATA[ */
/*! This file is auto-generated */
!function(d,l){"use strict";l.querySelector&&d.addEventListener&&"undefined"!=typeof URL&&(d.wp=d.wp||{},d.wp.receiveEmbedMessage||(d.wp.receiveEmbedMessage=function(e){var t=e.data;if((t||t.secret||t.message||t.value)&&!/[^a-zA-Z0-9]/.test(t.secret)){for(var s,r,n,a=l.querySelectorAll('iframe[data-secret="'+t.secret+'"]'),o=l.querySelectorAll('blockquote[data-secret="'+t.secret+'"]'),c=new RegExp("^https?:$","i"),i=0;i<o.length;i++)o[i].style.display="none";for(i=0;i<a.length;i++)s=a[i],e.source===s.contentWindow&&(s.removeAttribute("style"),"height"===t.message?(1e3<(r=parseInt(t.value,10))?r=1e3:~~r<200&&(r=200),s.height=r):"link"===t.message&&(r=new URL(s.getAttribute("src")),n=new URL(t.value),c.test(n.protocol))&&n.host===r.host&&l.activeElement===s&&(d.top.location.href=t.value))}},d.addEventListener("message",d.wp.receiveEmbedMessage,!1),l.addEventListener("DOMContentLoaded",function(){for(var e,t,s=l.querySelectorAll("iframe.wp-embedded-content"),r=0;r<s.length;r++)(t=(e=s[r]).getAttribute("data-secret"))||(t=Math.random().toString(36).substring(2,12),e.src+="#?secret="+t,e.setAttribute("data-secret",t)),e.contentWindow.postMessage({message:"ready",secret:t},"*")},!1)))}(window,document);
//# sourceURL=https://www.opt-media.net/blog/wp-includes/js/wp-embed.min.js
/* ]]> */
</script>

Hacer de la vocación una profesión, y de esta un estilo de vida. Este es el principio por el que se rige Inupel, escuela de peluquería en Valencia, que mantiene abierto hasta el 18 de julio el periodo de inscripción para sus diferentes cursos de: Ciclo de Grado Medio en Peluquería (Técnico en Peluquería &amp; [&hellip;]
