{"version":"1.0","provider_name":"Blog de Opt-Media","provider_url":"https:\/\/www.opt-media.net\/blog","title":"\u00bfQu\u00e9 es la rehabilitaci\u00f3n oral Las Rozas? - Blog de Opt-Media","type":"rich","width":600,"height":338,"html":"<blockquote class=\"wp-embedded-content\" data-secret=\"ghamStygmu\"><a href=\"https:\/\/www.opt-media.net\/blog\/que-es-la-rehabilitacion-oral-las-rozas\/\">\u00bfQu\u00e9 es la rehabilitaci\u00f3n oral Las Rozas?<\/a><\/blockquote><iframe sandbox=\"allow-scripts\" security=\"restricted\" src=\"https:\/\/www.opt-media.net\/blog\/que-es-la-rehabilitacion-oral-las-rozas\/embed\/#?secret=ghamStygmu\" width=\"600\" height=\"338\" title=\"\u00ab\u00bfQu\u00e9 es la rehabilitaci\u00f3n oral Las Rozas?\u00bb \u2014 Blog de Opt-Media\" data-secret=\"ghamStygmu\" frameborder=\"0\" marginwidth=\"0\" marginheight=\"0\" scrolling=\"no\" class=\"wp-embedded-content\"><\/iframe><script type=\"text\/javascript\">\n\/* <![CDATA[ *\/\n\/*! This file is auto-generated *\/\n!function(d,l){\"use strict\";l.querySelector&&d.addEventListener&&\"undefined\"!=typeof URL&&(d.wp=d.wp||{},d.wp.receiveEmbedMessage||(d.wp.receiveEmbedMessage=function(e){var t=e.data;if((t||t.secret||t.message||t.value)&&!\/[^a-zA-Z0-9]\/.test(t.secret)){for(var s,r,n,a=l.querySelectorAll('iframe[data-secret=\"'+t.secret+'\"]'),o=l.querySelectorAll('blockquote[data-secret=\"'+t.secret+'\"]'),c=new RegExp(\"^https?:$\",\"i\"),i=0;i<o.length;i++)o[i].style.display=\"none\";for(i=0;i<a.length;i++)s=a[i],e.source===s.contentWindow&&(s.removeAttribute(\"style\"),\"height\"===t.message?(1e3<(r=parseInt(t.value,10))?r=1e3:~~r<200&&(r=200),s.height=r):\"link\"===t.message&&(r=new URL(s.getAttribute(\"src\")),n=new URL(t.value),c.test(n.protocol))&&n.host===r.host&&l.activeElement===s&&(d.top.location.href=t.value))}},d.addEventListener(\"message\",d.wp.receiveEmbedMessage,!1),l.addEventListener(\"DOMContentLoaded\",function(){for(var e,t,s=l.querySelectorAll(\"iframe.wp-embedded-content\"),r=0;r<s.length;r++)(t=(e=s[r]).getAttribute(\"data-secret\"))||(t=Math.random().toString(36).substring(2,12),e.src+=\"#?secret=\"+t,e.setAttribute(\"data-secret\",t)),e.contentWindow.postMessage({message:\"ready\",secret:t},\"*\")},!1)))}(window,document);\n\/\/# sourceURL=https:\/\/www.opt-media.net\/blog\/wp-includes\/js\/wp-embed.min.js\n\/* ]]> *\/\n<\/script>\n","thumbnail_url":"https:\/\/www.opt-media.net\/blog\/wp-content\/uploads\/2022\/01\/pexels-oleg-magni-925288-1.jpg","thumbnail_width":3840,"thumbnail_height":5760,"description":"La boca es una de las zonas m\u00e1s sensibles de todo el cuerpo. Se pueden ocasionar una gran cantidad de problemas que est\u00e1n relacionados con la salud dental. Si est\u00e1s interesado en hacer rehabilitaci\u00f3n oral Las Rozas, te aconsejamos que te pongas en contacto con nuestros especialistas para que te puedan informar con todo detalle.\u00a0 [&hellip;]"}

¿Qué es la rehabilitación oral Las Rozas? - Blog de Opt-Media

<blockquote class="wp-embedded-content" data-secret="ghamStygmu"><a href="https://www.opt-media.net/blog/que-es-la-rehabilitacion-oral-las-rozas/">¿Qué es la rehabilitación oral Las Rozas?</a></blockquote><iframe sandbox="allow-scripts" security="restricted" src="https://www.opt-media.net/blog/que-es-la-rehabilitacion-oral-las-rozas/embed/#?secret=ghamStygmu" width="600" height="338" title="«¿Qué es la rehabilitación oral Las Rozas?» — Blog de Opt-Media" data-secret="ghamStygmu" frameborder="0" marginwidth="0" marginheight="0" scrolling="no" class="wp-embedded-content"></iframe><script type="text/javascript">
/* <![CDATA[ */
/*! This file is auto-generated */
!function(d,l){"use strict";l.querySelector&&d.addEventListener&&"undefined"!=typeof URL&&(d.wp=d.wp||{},d.wp.receiveEmbedMessage||(d.wp.receiveEmbedMessage=function(e){var t=e.data;if((t||t.secret||t.message||t.value)&&!/[^a-zA-Z0-9]/.test(t.secret)){for(var s,r,n,a=l.querySelectorAll('iframe[data-secret="'+t.secret+'"]'),o=l.querySelectorAll('blockquote[data-secret="'+t.secret+'"]'),c=new RegExp("^https?:$","i"),i=0;i<o.length;i++)o[i].style.display="none";for(i=0;i<a.length;i++)s=a[i],e.source===s.contentWindow&&(s.removeAttribute("style"),"height"===t.message?(1e3<(r=parseInt(t.value,10))?r=1e3:~~r<200&&(r=200),s.height=r):"link"===t.message&&(r=new URL(s.getAttribute("src")),n=new URL(t.value),c.test(n.protocol))&&n.host===r.host&&l.activeElement===s&&(d.top.location.href=t.value))}},d.addEventListener("message",d.wp.receiveEmbedMessage,!1),l.addEventListener("DOMContentLoaded",function(){for(var e,t,s=l.querySelectorAll("iframe.wp-embedded-content"),r=0;r<s.length;r++)(t=(e=s[r]).getAttribute("data-secret"))||(t=Math.random().toString(36).substring(2,12),e.src+="#?secret="+t,e.setAttribute("data-secret",t)),e.contentWindow.postMessage({message:"ready",secret:t},"*")},!1)))}(window,document);
//# sourceURL=https://www.opt-media.net/blog/wp-includes/js/wp-embed.min.js
/* ]]> */
</script>

La boca es una de las zonas más sensibles de todo el cuerpo. Se pueden ocasionar una gran cantidad de problemas que están relacionados con la salud dental. Si estás interesado en hacer rehabilitación oral Las Rozas, te aconsejamos que te pongas en contacto con nuestros especialistas para que te puedan informar con todo detalle.  [&hellip;]
